hen 11329167 is divided by 10.
7
What is the remainder when 139967 is divided by 10764?
35
What is the remainder when 5417281 is divided by 46?
45
Calculate the remainder when 38426 is divided by 6210.
1166
Calculate the remainder when 4175661 is divided by 296.
285
What is the remainder when 7356801 is divided by 817419?
30
Calculate the remainder when 116107 is divided by 558.
43
Calculate the remainder when 3096583 is divided by 18432.
7
What is the remainder when 396505 is divided by 129381?
8362
Calculate the remainder when 20981067 is divided by 201.
84
Calculate the remainder when 172511 is divided by 10725.
911
What is the remainder when 97404 is divided by 19236?
1224
Calculate the remainder when 6261846 is divided by 32957.
16
What is the remainder when 113720033 is divided by 19?
17
Calculate the remainder when 66584 is divided by 21.
14
What is the remainder when 147374 is divided by 1031?
972
What is the remainder when 230164 is divided by 179?
149
What is the remainder when 45434 is divided by 39078?
6356
What is the remainder when 3102233 is divided by 201?
200
What is the remainder when 5492772 is divided by 610306?
18
What is the remainder when 2281327 is divided by 228131?
17
What is the remainder when 364902 is divided by 5560?
3502
Calculate the remainder when 159916 is divided by 1.
0
What is the remainder when 82719327 is divided by 28?
19
What is the remainder when 1692459 is divided by 314?
313
What is the remainder when 1878683 is divided by 229?
196
Calculate the remainder when 2419178 is divided by 115198.
20
What is the remainder when 167638 is divided by 625?
138
What is the remainder when 3805961 is divided by 317162?
17
What is the remainder when 9310054 is divided by 3624?
3622
Calculate the remainder when 297008 is divided by 247.
114
Calculate the remainder when 161733 is divided by 1233.
210
What is the remainder when 12113240 is divided by 66?
62
What is the remainder when 69760168 is divided by 147?
142
Calculate the remainder when 193054 is divided by 96509.
36
Calculate the remainder when 2759288 is divided by 54.
50
Calculate the remainder when 1907190 is divided by 8473.
765
What is the remainder when 2743891 is divided by 249443?
18
Calculate the remainder when 9248696 is divided by 135.
116
What is the remainder when 6061675 is divided by 319026?
181
Calculate the remainder when 126434546 is divided by 10960.
10946
What is the remainder when 4244604 is divided by 152?
4
Calculate the remainder when 80464 is divided by 349.
194
Calculate the remainder when 8003071 is divided by 63.
55
What is the remainder when 2358032 is divided by 3?
2
Calculate the remainder when 144475 is divided by 16049.
34
What is the remainder when 10317989 is divided by 2918?
2859
Calculate the remainder when 3383554 is divided by 281962.
10
Calculate the remainder when 726505 is divided by 242165.
10
What is the remainder when 104910 is divided by 52438?
34
What is the remainder when 7141410 is divided by 13?
3
What is the remainder when 307583534 is divided by 76895879?
18
What is the remainder when 17003 is divided by 2489?
2069
What is the remainder when 288402 is divided by 7788?
246
Calculate the remainder when 8161901 is divided by 592.
589
What is the remainder when 117299 is divided by 29071?
1015
What is the remainder when 5673968 is divided by 428?
400
Calculate the remainder when 7508524 is divided by 7508521.
3
Calculate the remainder when 2477873 is divided by 58.
55
Calculate the remainder when 84779 is divided by 7879.
5989
Calculate the remainder when 155588 is divided by 3175.
13
Calculate the remainder when 225855 is divided by 37400.
1455
What is the remainder when 2723865 is divided by 81?
78
Calculate the remainder when 8362721 is divided by 13.
3
What is the remainder when 8157630 is divided by 973?
971
Calculate the remainder when 13051471 is divided by 567444.
259
Calculate the remainder when 1558420 is divided by 1889.
1884
Calculate the remainder when 41805817 is divided by 49.
46
What is the remainder when 11336382 is divided by 5668188?
6
What is the remainder when 1266730677 is divided by 62?
59
Calculate the remainder when 46697025 is divided by 106.
103
Calculate the remainder when 142744 is divided by 5432.
1512
Calculate the remainder when 72177 is divided by 1604.
1601
Calculate the remainder when 22450 is divided by 1563.
568
What is the remainder when 9741379 is divided by 591?
517
Calculate the remainder when 405854 is divided by 201708.
2438
What is the remainder when 945460 is divided by 157558?
112
What is the remainder when 8767 is divided by 838?
387
Calculate the remainder when 198755 is divided by 18068.
7
What is the remainder when 1408131 is divided by 3?
0
Calculate the remainder when 67149 is divided by 2118.
1491
What is the remainder when 6617423 is divided by 996?
995
Calculate the remainder when 436018 is divided by 25.
18
Calculate the remainder when 1417342 is divided by 4118.
750
Calculate the remainder when 47550739 is divided by 30.
19
Calculate the remainder when 795269 is divided by 573.
518
What is the remainder when 305006 is divided by 25258?
1910
What is the remainder when 165585292 is divided by 3851?
3845
Calculate the remainder when 244867 is divided by 3498.
7
What is the remainder when 16133521 is divided by 25?
21
Calculate the remainder when 236096 is divided by 78452.
740
Calculate the remainder when 16468187 is divided by 3953.
3942
Calculate the remainder when 1247824 is divided by 466.
342
What is the remainder when 16160702 is divided by 3019?
3014
What is the remainder when 12714421 is divided by 797?
677
What is the remainder when 9878145 is divided by 1362?
921
Calculate the remainder when 3604060 is divided by 770.
460
What is the remainder when 24235 is divided by 4439?
2040
Calculate the remainder when 1190392 is divided by 98.
84
What is the remainder when 321418 is divided by 709?
241
Calculate the remainder when 118383 is divided by 633.
12
What is the remainder when 1978964 is divided by 2515?
2174
Calculate the remainder when 388729 is divided by 668.
621
Calculate the remainder when 12634549 is divided by 56.
53
What is the remainder when 786186 is divided by 1184?
10
What is the remainder when 9936786 is divided by 1104084?
30
Calculate the remainder when 834728 is divided by 901.
402
Calculate the remainder when 666856 is divided by 10259.
21
What is the remainder when 15583 is divided by 9299?
6284
Calculate the remainder when 40602924 is divided by 25.
24
What is the remainder when 27842 is divided by 1099?
367
What is the remainder when 7731 is divided by 2161?
1248
What is the remainder when 22978 is divided by 3327?
3016
What is the remainder when 4098582 is divided by 186?
72
What is the remainder when 482440 is divided by 120610?
0
What is the remainder when 11884785 is divided by 289872?
33
What is the remainder when 45965 is divided by 10786?
2821
What is the remainder when 786009 is divided by 109?
10
Calculate the remainder when 2081245 is divided by 4105.
10
What is the remainder when 35187 is divided by 3825?
762
Calculate the remainder when 3841037 is divided by 42677.
107
Calculate the remainder when 4198247 is divided by 4686.
4277
Calculate the remainder when 6060399 is divided by 579.
6
What is the remainder when 959930 is divided by 6?
2
What is the remainder when 1098362 is divided by 1314?
1172
What is the remainder when 115529504 is divided by 1911?
1910
Calculate the remainder when 43015281 is divided by 36.
33
Calculate the remainder when 15689479 is divided by 16.
7
What is the remainder when 252663210 is divided by 2209?
2208
Calculate the remainder when 775246 is divided by 2335.
26
Calculate the remainder when 10202458 is divided by 45957.
4
What is the remainder when 164662597 is divided by 31?
21
What is the remainder when 4545314 is divided by 2875?
2814
Calculate the remainder when 27176 is divided by 74.
18
Calculate the remainder when 6095097 is divided by 1319.
1317
What is the remainder when 48887 is divided by 6545?
3072
Calculate the remainder when 1509820289 is divided by 54.
53
What is the remainder when 902808 is divided by 175?
158
What is the remainder when 6341844 is divided by 13877?
55
Ca